r of 1580147371?
False
Is 4 a factor of 199984249?
False
Does 9 divide 1130341662?
True
Is 31563840 a multiple of 12?
True
Does 5797 divide 1471411490?
False
Is 71 a factor of 170363657?
False
Is 738468 a multiple of 73?
True
Is 17 a factor of 1097736155?
True
Does 958 divide 1085414?
True
Is 401 a factor of 479560712?
True
Does 2 divide 71556727?
False
Is 304110180 a multiple of 45?
True
Is 33607808 a multiple of 416?
True
Does 214 divide 142244841?
False
Is 40 a factor of 20747078?
False
Is 803234958 a multiple of 6?
True
Does 238 divide 6252303904?
False
Is 431198 a multiple of 336?
False
Does 96 divide 882681504?
True
Does 188 divide 72963176?
True
Is 21 a factor of 113843940?
True
Is 260740312 a multiple of 14?
True
Does 15 divide 6638599?
False
Does 344 divide 37320559?
False
Is 4 a factor of 2387127?
False
Does 771 divide 816229944?
True
Is 71 a factor of 3684866433?
False
Is 161 a factor of 134452388?
True
Is 23 a factor of 99117607?
False
Does 1714 divide 17389688?
False
Is 41914716 a multiple of 11?
False
Is 5 a factor of 9996302?
False
Does 1783 divide 16166461?
True
Is 2515393381 a multiple of 872?
False
Is 2655 a factor of 176001106?
False
Is 1562792875 a multiple of 875?
True
Is 6456 a factor of 231040872?
True
Is 50750046 a multiple of 6?
True
Is 1191 a factor of 1397100168?
True
Is 1948 a factor of 87713970?
False
Is 7 a factor of 1025863153?
True
Is 204303737 a multiple of 184?
False
Does 4513 divide 83270258?
False
Does 351 divide 263094566?
False
Is 224 a factor of 12379997?
False
Is 59026114 a multiple of 1286?
True
Does 5930 divide 852004259?
False
Does 24 divide 173407606?
False
Does 921 divide 52591578?
False
Is 15260508 a multiple of 18?
True
Does 26 divide 7773948?
True
Is 5166 a factor of 627510276?
False
Is 279 a factor of 166888530?
False
Is 425 a factor of 69920575?
True
Is 227 a factor of 69015689?
False
Does 1240 divide 434000000?
True
Is 393 a factor of 306583970?
False
Is 44 a factor of 576776918?
False
Does 35 divide 669299715?
True
Is 2840 a factor of 87250644?
False
Is 10681738 a multiple of 72?
False
Is 18000840 a multiple of 390?
True
Does 537 divide 6113208?
True
Is 288333466 a multiple of 4180?
False
Is 8220 a factor of 1194129446?
False
Is 19 a factor of 72248216?
False
Is 300 a factor of 171267318?
False
Is 1362860875 a multiple of 179?
False
Is 88 a factor of 379147707?
False
Does 31 divide 17261108?
False
Does 8 divide 24797960?
True
Does 1102 divide 43257908?
True
Is 799 a factor of 20592627?
True
Is 288 a factor of 11170080?
True
Does 147 divide 6394354?
False
Is 13 a factor of 5849182?
False
Is 18596657 a multiple of 354?
False
Is 14990760 a multiple of 90?
True
Is 228 a factor of 1211469289?
False
Does 151 divide 15504452?
False
Is 484485325 a multiple of 25?
True
Is 1859837809 a multiple of 7?
False
Is 11 a factor of 1961121804?
False
Is 396 a factor of 2595757428?
True
Does 21 divide 62085450?
True
Does 24 divide 402681888?
True
Does 9 divide 95620658?
False
Is 57040 a multiple of 713?
True
Is 18976807 a multiple of 49?
False
Does 14448 divide 5717468063?
False
Is 35338164 a multiple of 23?
False
Is 36 a factor of 5195664?
True
Is 3 a factor of 505441690?
False
Is 210639384 a multiple of 36?
True
Does 19 divide 1638772325?
True
Does 96 divide 47411037?
False
Is 13 a factor of 59921980?
False
Is 943666 a multiple of 94?
True
Is 85 a factor of 1915382031?
False
Is 4926518672 a multiple of 7544?
True
Is 8484088 a multiple of 2?
True
Is 105435405 a multiple of 27?
True
Is 39 a factor of 6183489?
True
Does 220 divide 32031881?
False
Does 12 divide 13475700?
True
Is 1752 a factor of 1391236920?
True
Is 63 a factor of 6008499?
True
Is 871 a factor of 100073545?
True
Is 218 a factor of 25599592?
False
Is 1697 a factor of 200622734?
True
Is 1398229140 a multiple of 77?
True
Is 123 a factor of 49100424?
False
Is 1711013627 a multiple of 19?
False
Is 206873834 a multiple of 2?
True
Is 61 a factor of 10251?
False
Does 207 divide 11808032?
False
Does 3609 divide 127312908?
False
Is 2 a factor of 4391592?
True
Does 48 divide 329994096?
True
Is 776 a factor of 422936296?
True
Is 1068997450 a multiple of 6805?
True
Is 124543819 a multiple of 37?
False
Does 70 divide 1089704203?
False
Does 5 divide 1169685?
True
Is 383 a factor of 20914864?
True
Is 1628747133 a multiple of 423?
False
Does 12 divide 904638?
False
Does 3757 divide 10454954?
False
Does 321 divide 35070855?
True
Is 352 a factor of 1908961250?
False
Is 791029803 a multiple of 1893?
True
Is 3204857056 a multiple of 9885?
False
Is 853 a factor of 27726765?
True
Is 165994720 a multiple of 8?
True
Does 13 divide 20287769?
False
Is 977 a factor of 25997970?
True
Is 16 a factor of 451981392?
True
Is 139 a factor of 104104569?
False
Is 110617367 a multiple of 29?
False
Does 8 divide 1217168?
True
Is 55468032 a multiple of 976?
True
Does 356 divide 271096136?
True
Does 1901 divide 800009077?
False
Is 71672294 a multiple of 110?
False
Is 6886 a factor of 1924823056?
False
Does 1083 divide 51365607?
True
Is 31 a factor of 410185594?
False
Does 63 divide 2933413297?
False
Is 456261235 a multiple of 6?
False
Is 947999055 a multiple of 12?
False
Is 73017742 a multiple of 2833?
True
Does 1541 divide 8140399?
False
Is 37 a factor of 178439123?
True
Does 239 divide 99446944?
True
Is 970943952 a multiple of 12?
True
Is 35059949 a multiple of 41?
False
Does 2 divide 18602040?
True
Does 125 divide 24762625?
True
Is 110274375 a multiple of 25?
True
Is 793 a factor of 1607979?
False
Is 18416176 a multiple of 1188?
False
Is 4805960 a multiple of 323?
False
Is 3812268 a multiple of 1181?
True
Does 109 divide 6205597?
False
Is 180 a factor of 4093931?
False
Does 13 divide 11199596?
False
Is 421494843 a multiple of 4587?
True
Is 1896725740 a multiple of 91?
True
Is 732828 a multiple of 7?
False
Is 50 a factor of 585520625?
False
Does 13 divide 359699796?
False
Does 1595 divide 2794412?
False
Is 99088444 a multiple of 3107?
True
Does 182 divide 28287714?
True
Is 486993040 a multiple of 4489?
False
Is 47138841 a multiple of 27?
True
Does 34 divide 357432990?
True
Does 8971 divide 357305959?
True
Is 58 a factor of 426480166?
False
Is 1045 a factor of 886799237?
False
Is 186 a factor of 176905158?
True
Is 1007309764 a multiple of 1175?
False
Does 10 divide 2650438360?
True
Is 716 a factor of 12015565?
False
Is 642 a factor of 95143807?
False
Is 34 a factor of 45439266?
True
Does 218 divide 9932516?
True
Is 61525905 a multiple of 903?
True
Is 957515644 a multiple of 17?
False
Does 476 divide 125178480?
True
Is 160 a factor of 60914663?
False
Does 183 divide 30327126?
True
Is 2463 a factor of 55373166?
True
Does 950 divide 6539328?
False
Does 39 divide 21770595?
False
Does 34 divide 2934846?
True
Is 1637529138 a multiple of 73?
True
Is 2189544407 a multiple of 243?
False
Is 1399212072 a multiple of 11?
False
Is 2324342988 a multiple of 1093?
False
Is 124512391 a multiple of 409?
False
Is 25 a factor of 106587268?
False
Is 10 a factor of 7496758400?
True
Is 296 a factor of 37747937?
False
Does 71 divide 2320706?
True
Is 601 a factor of 137917480?
True
Does 8 divide 870704752?
True
Is 22 a factor of 89049444?
True
Is 7022551 a multiple of 1414?
False
Does 27 divide 400435785?
True
Is 720 a factor of 17369034?
False
Is 828037782 a multiple of 234?
True
Does 10 divide 1956007170?
True
Is 61 a factor of 84122172?
True
Is 10816715 a multiple of 81?
False
Does 35 divide 1167461111?
False
Is 186185756 a multiple of 27?
False
Is 401 a factor of 5654100?
True
Is 1822059336 a multiple of 42?
False
Does 562 divide 42929548?
False
Is 1876203980 a multiple of 476?
True
Is 11 a factor of 1783727531?
False
Is 69165738 a multiple of 18?
True
Is 29763227 a multiple of 3?
False
Is 197 a factor of 134945?
True
Does 2030 divide 123698050?
True
Is 1021063450 a multiple of 1306?
True
Is 987 a factor of 28724661?
True
Is 2291960458 a multiple of 272?
False
Is 78788793 a multiple of 316?
False
Is 89191320 a multiple of 114?
True
Is 714 a factor of 526988906?
False
Is 733268070 a multiple of 9810?
True
Is 392768560 a multiple of 40?
True
Is 129482510 a multiple of 410?
True
Is 4949806 a multiple of 3?
False
Is 452326740 a multiple of 60?
True
Is 554 a factor of 9641262?
True
Is 1034504464 a multiple 